34 = 4*d + 2*a. Suppose -17*z - d = -s*z. What is the remainder when 5 is divided by z?
2
Let r = -43 - -35. Let f(x) = -x**2 - 13*x - 34. Let o be f(r). Calculate the remainder when 80 is divided by (-5208)/(-196) - o/(-14).
26
Let v(d) = -2*d - 3. Let l(o) = -2*o**3 + 10*o**2 + 11*o + 9. Let i be l(6). Let s(f) = 6*f - 3. Calculate the remainder when s(i) is divided by v(-5).
1
Suppose -107 = -3*y + c + 37, -2*y + c + 98 = 0. Calculate the remainder when 173 is divided by y.
35
What is the remainder when 1425/684 + 6/(-8) + (-2531)/(-3) is divided by 18?
17
Calculate the remainder when 12/138 + -2 + (-1377220)/(-230) is divided by 113.
110
Suppose -603*r + 632*r = 4060. What is the remainder when 147 is divided by r?
7
Let u = 16437 - 16283. Calculate the remainder when u is divided by 70.
14
Let f be -2 + (-132)/(-20) - (-3)/(-5). What is the remainder when 13 is divided by 3 + 0*(2 - (f + -3))?
1
Let o be (-9)/24 + (-86)/(-16). Calculate the remainder when (32/(-12) + o)*15 is divided by 9.
8
Let n = -25 - -81. What is the remainder when (163*1)/(55/55) is divided by n?
51
Let d = 152 + -117. Suppose 0 = -2*q - v + 64, -q + d - 8 = 3*v. What is the remainder when 69 is divided by q?
3
Let r = -38 + 58. Let l be 8*(-18)/(-12) - 5. Suppose -156 = -a + 10*p - l*p, -5*a - 4*p = -799. What is the remainder when a is divided by r?
19
Let j = 1300 + -900. What is the remainder when j is divided by 14?
8
Suppose -n + 5*q - 63 = 2*n, 77 = -5*n - q. Suppose 4*z - 5*x = -1024, 0 = -z + 2*x - 4*x - 269. Calculate the remainder when n/56 - z/7 is divided by 5.
2
Let j = -2081 - -4074. What is the remainder when j is divided by 21?
19
Let l(m) = 2709*m + 18979. Suppose 40 = 3*h - 2*h. Suppose -h = 3*v - 4*g - 188, -v + 2*g = -52. Calculate the remainder when v is divided by l(-7).
12
Suppose 0 = 4*s - 88 - 96. Let h = s + -4. Calculate the remainder when h is divided by 22.
20
Let h(s) = s**2 - 11*s - 4. Let j be h(8). Let y = j - -63. What is the remainder when y is divided by ((-4)/(-11))/(-2) + (-869)/(-121)?
0
Suppose 0 = 2*f - 3 - 3. Let u be 3/(3/(-317))*-1. Suppose u = 48*x + 29. What is the remainder when x is divided by f?
0
Let z(i) = 5*i + 25. Let a be z(20). Suppose 5*x - 17*c - a = -12*c, -2*c = 3*x - 50. What is the remainder when (-2 - -7)/(6/66) is divided by x?
15
Let a(w) = -w**2 + 11*w + 9. Let o be a(11). Let n be 6/2*(o + -2). Calculate the remainder when (n*(-3)/(-6))/(2/12) is divided by 11.
8
Let b be (-8)/((-48)/(-66))*(-2 - -1). Calculate the remainder when 4930/b + 10/(-55) is divided by 30.
28
Calculate the remainder when 254 is divided by (-10)/(-6) - (-8758)/453.
2
Suppose -291*t + 38070 = -13*t + 145*t. What is the remainder when 578 is divided by t?
38
Suppose 0 = -2*s - 71 + 741. Let m = 60 + s. What is the remainder when m is divided by 33?
32
Suppose -152509 + 43309 = -273*r. Calculate the remainder when r is divided by 67.
65
Suppose 0 = 4*q - 5*t - 15, q = 7*t - 2*t. Suppose q*n + 5*j = j + 83, 3*n = 2*j + 41. Calculate the remainder when 58 is divided by n.
13
Suppose 2*f + 4*i = 8, 5*f + i + 7 = 3*f. Calculate the remainder when 39 is divided by (1 - (f + 3))/((-2)/(-5)).
9
Let i(d) = 2*d**2 - 58*d. Let g be i(29). Suppose 14*h + 45 - 143 = g. What is the remainder when 31 is divided by h?
3
Let z(d) = -d**3 + 10*d**2 + 13*d + 9. Suppose 0 = 5*w - 6*w + 11. Let b(v) = -v**2 + 13*v - 20. Calculate the remainder when z(w) is divided by b(9).
15
Suppose -3362*y + 3237*y = -1125. Calculate the remainder when -1 + 1*(-2 - -107) is divided by y.
5
Let f = 127 + -128. Calculate the remainder when 333 is divided by (-30)/9*f*54/15.
9
Let x(w) = -6042*w**3 - 21*w**2 - 26*w. Calculate the remainder when x(-1) is divided by 8.
7
Suppose 4*q - 8 + 61 = 3*u, q = 4. Let y = -20 - -25. Suppose -3*l = -y*t + 785, l = -3*t - 0*l + 471. What is the remainder when t is divided by u?
19
Suppose 5*q - 880 = -0*q + 5*g, -5*q + 882 = -4*g. Suppose -3*n + 541 = 2*u - 6*u, n - q = -u. What is the remainder when n is divided by ((-18)/(-45))/(1/35)?
11
Let s(p) = -p**3 + 3*p**2 + 2*p + 3. Suppose 13*z - 1035 = 22*z. Let i = 34 - z. What is the remainder when i is divided by s(-3)?
47
Suppose -23*w = -6253 + 1607. Suppose -w = h - 219. What is the remainder when 152 is divided by h?
16
Let b(l) = -77*l**2 - 27*l - 1. Let n be b(-3). Let r = 631 + n. What is the remainder when 35 is divided by r?
17
Let s(g) = g**2 - 4*g - 19. Let d be s(7). Suppose -d*j + 92 = 2*v - 3*j, 0 = -3*j. What is the remainder when 182 is divided by v?
44
Suppose -120 = -3*f - 3*r, 3*f - 9*r = -4*r + 120. What is the remainder when 1235 is divided by f?
35
Let c = 674 + -671. Let q = -7 - -12. Calculate the remainder when (-1)/3 - (-55)/c is divided by q.
3
Let o = 110 - 74. What is the remainder when (1/2*3)/(3/210) is divided by o?
33
Let g(s) = s**2 - 19*s - 40. Let i be g(22). Suppose -34*k = -i*k - 456. Let n(t) = t**3 - 3*t**2 - 6*t. What is the remainder when k is divided by n(5)?
17
Suppose 56*w = 31*w + 650. Suppose 3*i - 93 = -3*o, 3*o = 22*i - w*i + 96. What is the remainder when 165 is divided by o?
25
Suppose 2*h - h - o = 2, 0 = 5*h + 2*o - 10. Suppose -q = -4*b - 6 - 0, -h*q - 2*b = -32. Calculate the remainder when -16*(-1 + (-15)/10) is divided by q.
12
Suppose -20*h = 605 + 2275. What is the remainder when ((-177)/4)/(h/768) is divided by 14?
12
Let x be (380/(-8))/(1/(-2)). Let b = -61 + x. Suppose 39*k - b*k = 125. What is the remainder when 98 is divided by k?
23
Suppose -19*i + 6720 = 11*i. Calculate the remainder when i is divided by 105.
14
Let z(x) = -x**2 - 34*x - 216. Let d be (-46 + 47)/(1*2/(-30)). Calculate the remainder when z(d) is divided by 60.
9
Suppose 17*l = 7*l. Suppose l*p - 80 = 2*g + 4*p, 3*g - 4*p = -70. Let x = -8 - g. Calculate the remainder when x is divided by 3.
1
Let p(o) = o**2 - 25*o - 171. Suppose -5*r - 5*y + 175 = 0, 3*y - 5*y = -6. What is the remainder when p(r) is divided by 9?
8
What is the remainder when 5*(0 + 1)*(7 - -262) - -5 is divided by 152?
134
Suppose -6*o + 7*o = 48. Let i(r) = r**2 - 8*r + 19. Let y be i(4). What is the remainder when 123 is divided by (24/12)/(y/o)?
27
Let p = -90 - -97. Suppose -3*y + 5*r + 104 = p*r, -4*r = -5*y + 210. Calculate the remainder when 81 is divided by y.
5
Let g(j) = -j**3 + 33*j**2 - 54*j - 3. Let a be g(31). Let w = a + -218. What is the remainder when 131 is divided by w?
23
Suppose 954*f - 929*f = 350. Calculate the remainder when 238 is divided by f.
0
What is the remainder when (1 - 3) + 3 + 198 is divided by 13 + ((-2058)/(-14))/21?
19
Let w = 188 - 149. Suppose 0 = l - 89 - 105. What is the remainder when l is divided by w?
38
Let j(k) = 5*k + 182. Suppose 624 = -2*q + 564. What is the remainder when j(q) is divided by 12?
8
Let p(f) = 9*f**2 - 57*f + 122. What is the remainder when 702 is divided by p(2)?
42
Suppose -7*q + 3*q = -4*w - 1032, -q = 5*w - 288. Calculate the remainder when q is divided by 38.
35
Let y = 1181 + 699. Calculate the remainder when y is divided by 268.
4
Suppose -3*g - 787 = -256. Let r = g + 285. Calculate the remainder when r is divided by 22.
20
Let m be -2 + (-2 - (1 + -27)). Let w = m + -14. What is the remainder when (-6)/69 - ((-97470)/(-207))/(-10) is divided by w?
7
Let t(k) = -15983*k - 111874. What is the remainder when ((-474)/(-4))/(1/2) is divided by t(-7)?
6
Let s be (-19 + 3)*1/(-2). Calculate the remainder when (-4)/s*2 - -54 is divided by (30/20)/((-3)/(-28)).
11
Let o = 25 - 12. Suppose 28*i - 5*z = 32*i + 122, -5*i - 134 = -3*z. What is the remainder when (-2)/(-7) - (2 - (-1224)/i) is divided by o?
3
Suppose -2*q = -2*s + 4 + 6, -q - s + 3 = 0. Calculate the remainder when q - 4/((-4)/69) is divided by 18.
14
Suppose -61 = -6*f + 58 + 127. What is the remainder when 5452 is divided by f?
40
Let h = 31234 - 27028. Calculate the remainder when h is divided by 525.
6
Let f(d) = -d**2 - 5*d + 135. Let u be f(8). Suppose -u*s - 4 = -655. Calculate the remainder when 41 is divided by s.
20
Suppose -9*p + 4783 + 279 = -6071. What is the remainder when p is divided by 113?
107
Let d be 4/(-10)*(-40)/8. Suppose -3*k + 8 = -4*b, -10 = -k - d*k + 5*b. What is the remainder when 19 is divided by (k - -3) + 16/4?
5
Calc